18.
23
Calculate the remainder when 2073 is divided by 72.
57
What is the remainder when 11167 is divided by 399?
394
What is the remainder when 61279 is divided by 3604?
11
What is the remainder when 264289 is divided by 19?
18
What is the remainder when 17948 is divided by 17857?
91
Calculate the remainder when 66242 is divided by 65.
7
Calculate the remainder when 143100 is divided by 16.
12
Calculate the remainder when 24139 is divided by 3448.
3
Calculate the remainder when 674035 is divided by 819.
817
Calculate the remainder when 27060 is divided by 141.
129
Calculate the remainder when 2698 is divided by 1900.
798
What is the remainder when 21478 is divided by 3573?
40
Calculate the remainder when 1557 is divided by 8.
5
What is the remainder when 2221 is divided by 16?
13
What is the remainder when 143693 is divided by 15?
8
Calculate the remainder when 81339 is divided by 245.
244
Calculate the remainder when 137398 is divided by 1284.
10
What is the remainder when 63487 is divided by 63468?
19
What is the remainder when 2642 is divided by 51?
41
Calculate the remainder when 35746 is divided by 27.
25
What is the remainder when 2099 is divided by 11?
9
What is the remainder when 55295 is divided by 1868?
1123
Calculate the remainder when 17891 is divided by 303.
14
Calculate the remainder when 6701 is divided by 202.
35
What is the remainder when 109792 is divided by 200?
192
What is the remainder when 3051 is divided by 3047?
4
Calculate the remainder when 301683 is divided by 398.
397
What is the remainder when 71669 is divided by 279?
245
Calculate the remainder when 16885 is divided by 62.
21
What is the remainder when 3178 is divided by 318?
316
What is the remainder when 9307 is divided by 619?
22
Calculate the remainder when 22554 is divided by 7511.
21
What is the remainder when 366914 is divided by 15?
14
Calculate the remainder when 26612 is divided by 1326.
92
What is the remainder when 2321 is divided by 45?
26
What is the remainder when 13326 is divided by 270?
96
Calculate the remainder when 1246940 is divided by 58.
56
What is the remainder when 10458 is divided by 873?
855
Calculate the remainder when 13497 is divided by 288.
249
What is the remainder when 6889037 is divided by 1629?
1625
Calculate the remainder when 37366 is divided by 30.
16
Calculate the remainder when 17167 is divided by 159.
154
Calculate the remainder when 419571 is divided by 150.
21
What is the remainder when 1550 is divided by 97?
95
Calculate the remainder when 6353 is divided by 28.
25
Calculate the remainder when 4803 is divided by 958.
13
What is the remainder when 340 is divided by 317?
23
What is the remainder when 3110 is divided by 1079?
952
Calculate the remainder when 39983 is divided by 606.
593
Calculate the remainder when 17647 is divided by 610.
567
Calculate the remainder when 299627 is divided by 2187.
8
What is the remainder when 91522 is divided by 67?
0
Calculate the remainder when 1327 is divided by 870.
457
What is the remainder when 3715 is divided by 520?
75
Calculate the remainder when 11077 is divided by 3371.
964
Calculate the remainder when 5913 is divided by 293.
53
What is the remainder when 10336 is divided by 37?
13
Calculate the remainder when 16506 is divided by 4117.
38
Calculate the remainder when 22222 is divided by 16.
14
Calculate the remainder when 43529 is divided by 1319.
2
Calculate the remainder when 100630 is divided by 25155.
10
Calculate the remainder when 258847 is divided by 64711.
3
What is the remainder when 2223 is divided by 166?
65
Calculate the remainder when 4037 is divided by 337.
330
Calculate the remainder when 39895 is divided by 36.
7
Calculate the remainder when 7761 is divided by 7564.
197
What is the remainder when 168424 is divided by 2854?
38
What is the remainder when 672 is divided by 193?
93
Calculate the remainder when 21432 is divided by 595.
12
Calculate the remainder when 23260 is divided by 5.
0
Calculate the remainder when 11285 is divided by 11232.
53
What is the remainder when 37367 is divided by 10?
7
What is the remainder when 2417 is divided by 419?
322
What is the remainder when 298985 is divided by 1661?
5
Calculate the remainder when 12209 is divided by 518.
295
What is the remainder when 987 is divided by 32?
27
What is the remainder when 120478 is divided by 136?
118
Calculate the remainder when 30059 is divided by 5990.
109
Calculate the remainder when 4705 is divided by 428.
425
Calculate the remainder when 216647 is divided by 16.
7
Calculate the remainder when 52375 is divided by 8.
7
What is the remainder when 147913 is divided by 6723?
7
Calculate the remainder when 75180 is divided by 690.
660
Calculate the remainder when 15538 is divided by 7754.
30
What is the remainder when 453467 is divided by 151096?
179
What is the remainder when 64326 is divided by 88?
86
Calculate the remainder when 35688 is divided by 1967.
282
Calculate the remainder when 15968 is divided by 22.
18
Calculate the remainder when 73188 is divided by 93.
90
What is the remainder when 72717 is divided by 360?
357
What is the remainder when 26035 is divided by 25988?
47
What is the remainder when 22450 is divided by 711?
409
What is the remainder when 40124 is divided by 105?
14
Calculate the remainder when 2956 is divided by 830.
466
What is the remainder when 10461 is divided by 238?
227
Calculate the remainder when 857016 is divided by 8085.
6
What is the remainder when 17254 is divided by 946?
226
What is the remainder when 16981 is divided by 236?
225
Calculate the remainder when 2284614 is divided by 1618.
1616
Calculate the remainder when 28720 is divided by 81.
46
Calculate the remainder when 33603 is divided by 827.
523
Calculate the remainder when 816 is divided by 526.
290
What is the remainder when 49278 is divided by 77?
75
What is the remainder when 29359 is divided by 1107?
577
Calculate the remainder when 15759 is divided by 154.
51
Calculate the remainder when 573396 is divided by 610.
606
Calculate the remainder when 29967 is divided by 254.
249
What is the remainder when 1892 is divided by 252?
128
What is the remainder when 51750 is divided by 80?
70
Calculate the remainder when 13751 is divided by 181.
176
Calculate the remainder when 378694 is divided by 1018.
1016
What is the remainder when 4083 is divided by 102?
3
Calculate the remainder when 43204 is divided by 14394.
22
Calculate the remainder when 6784 is divided by 1574.
488
What is the remainder when 4542047 is divided by 751?
750
What is the remainder when 36155 is divided by 14?
7
Calculate the remainder when 312182 is divided by 96.
86
What is the remainder when 160130 is divided by 602?
600
What is the remainder when 1750 is divided by 36?
22
Calculate the remainder when 14184 is divided by 2361.
18
Calculate the remainder when 22495 is divided by 150.
145
What is the remainder when 20515 is divided by 42?
19
Calculate the remainder when 1103416 is divided by 118.
116
Calculate the remainder when 57353 is divided by 11.
10
What is the remainder when 7695 is divided by 1045?
380
What is the remainder when 22869 is divided by 22857?
12
What is the remainder when 362431 is divided by 4027?
1
Calculate the remainder when 75982 is divided by 400.
382
What is the remainder when 4594 is divided by 2486?
2108
What is the remainder when 11770 is divided by 1677?
31
What is the remainder when 49773 is divided by 4?
1
Calculate the remainder when 103931 is divided by 34.
27
What is the remainder when 21920 is divided by 16?
0
What is the remainder when 7988 is divided by 3970?
48
What is the remainder when 5461 is divided by 456?
445
Calculate the remainder when 21327 is divided by 542.
189
Calculate the remainder when 21885 is divided by 65.
45
Calculate the remainder when 17712 is divided by 4398.
120
What is the remainder when 13942 is divided by 162?
10
Calculate the remainder when 3006 is divided by 887.
345
What is the remainder when 704 is divided by 224?
32
Calculate the remainder when 665986 is divided by 194.
178
Calculate the remainder when 50541 is divided by 54.
51
Calculate the remainder when 34025 is divided by 396.
365
Calculate the remainder when 17357 is divided by 1927.
14
What is the r